 265, 2*t - 5*u = -0*t + y. Calculate the greatest common factor of 120 and t.
24
Let b be ((-6810)/(-63))/1 - (-20)/(-210). Calculate the greatest common divisor of 1323 and b.
27
Suppose 23403*a - 4*q + 398 = 23404*a, -2*a + 652 = -4*q. Let i = 39 + -11. What is the greatest common divisor of a and i?
14
Let n = -117 + 385. Let g = -240 + n. Let c(p) = 7*p**2. Let l be c(-1). What is the highest common factor of g and l?
7
Let c be -8*(-3 - 20/(-8)). Suppose -192*u - c = -196*u. Calculate the highest common factor of u and 17.
1
Suppose l = -l - 4*n + 48, -3*n - 30 = -4*l. Calculate the highest common factor of l and 43716.
12
Let n be (60/(-4) + 3)/((-3)/4). Suppose 3*l - 126 = -y, -2*y + 4*y - 340 = -8*l. What is the greatest common factor of l and n?
4
Let n(g) = -359*g**2 + g. Let h be n(-1). Let r = -345 - h. What is the greatest common factor of 105 and r?
15
Let x = -12321 - -13699. Calculate the greatest common factor of 130 and x.
26
Suppose 5*p + 2*n - 126 = 0, -2*p + 0*n = -2*n - 56. Let v be (-12)/(32 + -28 + -10). What is the highest common factor of p and v?
2
Let f(p) = 7*p**2 + 90*p - 56. Let g be f(-23). What is the greatest common factor of 166 and g?
83
Suppose -8*q = -5*q - 2*l - 2314, 5*q = -5*l + 3815. Calculate the highest common factor of q and 3.
3
Let w = -12726 - -13012. Calculate the greatest common factor of 7007 and w.
143
Suppose -p + 54 = -8*c + 24*c - 13*c, -5*p - 30 = 0. Let n = 8 + -4. Calculate the highest common divisor of c and n.
4
Let u be 3 - (4 - 5) - 0. Let n(m) = -u*m - 17 - 4*m + 3. Let f be n(-5). What is the greatest common factor of 286 and f?
26
Suppose -2*y + 105 + 11 = 0. Let j = y - 57. Calculate the highest common factor of 19 and j.
1
Let u = -73 + 133. Suppose 59*z = 55*z + u. Calculate the highest common factor of 300 and z.
15
Suppose 0 = -15*r + 80*r - 1950. What is the highest common divisor of 9070 and r?
10
Let z be (48/4)/(3/(-18) - 0). Let i be 96/z - 674/(-6). What is the highest common divisor of i and 3?
3
Let m(k) = 147*k + 12966. Let q be m(-84). Calculate the highest common factor of 2266 and q.
206
Suppose -2*d + 87 - 81 = 0. Let i(t) = -11*t - 6. Suppose -g - 3 = -0. Let k be i(g). Calculate the greatest common divisor of k and d.
3
Suppose -10*m + 14 = -8*m. Suppose 42 = m*h - 42. Let q = 62 + -38. Calculate the greatest common factor of h and q.
12
Let j be 277/25 + 62/(-775) + 0 + -10. Let f be 2/(-4) + (-119)/(-2). What is the greatest common divisor of f and j?
1
Let b(k) = -13*k - 24. Let r be b(10). Let q = 156 + r. Calculate the highest common divisor of q and 3.
1
Suppose 3*h - 2*r = 1 - 0, 2*h = -5*r + 7. Let i be (-1*h)/((-2)/34). Suppose -103*y + 27013 = 124*y. Calculate the highest common divisor of i and y.
17
Let m(s) = 63*s - 533. Let d be m(24). What is the highest common factor of 88 and d?
11
Let y(l) = -13*l**3 + 5*l**2 + 10*l + 2. Let a be y(-2). What is the greatest common divisor of 6784 and a?
106
Let j(q) = -4*q - 3. Let r be j(-3). Suppose -r*w + 435 = -132. Suppose 0 = -9*k + 8*k + w. Calculate the highest common divisor of k and 21.
21
Suppose -93*r = -88*r - 2385. Suppose 2*u = k + r, -5*u + 6*k + 1185 = k. What is the highest common divisor of 80 and u?
80
Let h(c) = 15*c**2 - 3*c + 2. Let g be h(-2). Let z be (-17)/g - (-177)/4. What is the highest common factor of 220 and z?
44
Let f = -10721 - -10821. Suppose -2*l - l = 75. Let o = l + 45. Calculate the highest common divisor of o and f.
20
Let z be (4/5)/(((-12)/30)/(-2)). Suppose 2*m = -5*b - 5, 3*b - 2 = -m - z. Let x be (-2855)/15*-3 + b. What is the highest common divisor of 52 and x?
52
Let i = 57146 - 100816. Let b be i/(-154) + (-3)/(-7). Suppose -b = -9*x - 95. Calculate the highest common divisor of x and 84.
21
Let s be ((-9)/36)/(1/4). Let f be 14140/420 + s + (-8)/(-6). Calculate the highest common divisor of f and 595.
17
Suppose 590 = 234*g + 122. Calculate the greatest common factor of g and 8074.
2
Let y = -3086 - -3112. Calculate the highest common divisor of 4342 and y.
26
Suppose -3*i - 4*x = -3076, 17*i = 15*i + 3*x + 2079. What is the highest common divisor of i and 120?
24
Suppose 4*c + 14060 = j, -c + 5063 + 8972 = j. Calculate the greatest common divisor of j and 52.
52
Suppose 393 = 3*k - 3*w, -k - w - 4*w = -155. Let c = -112 - -187. Suppose 21*b = 16*b + c. Calculate the highest common factor of b and k.
15
Suppose -2*g + 4*g = 3*t - 81, -4*t + 123 = -3*g. Let u be (-14)/(-63) - 2690/g. Calculate the highest common divisor of 320 and u.
20
Let j be (-3 + (-24)/9)/(7/(-21)). Suppose -62 + j = -o. Calculate the highest common factor of o and 30.
15
Let f(i) = -322*i + 36. Let h be f(-28). What is the greatest common factor of 124 and h?
124
Let w(r) = -3*r - 9. Let a be w(-7). Let i(n) = -8*n**3 - 6*n**2 + 3*n + 5. Let g be i(-1). Calculate the highest common divisor of g and a.
4
Let m = 32 + -7. Suppose 0 = 4*d + 89*x - 94*x - 475, 3*x - 15 = 0. What is the greatest common divisor of m and d?
25
Let w be (9 - (-6342)/(-30) - 0)/((-3)/15). Calculate the greatest common factor of w and 184.
92
Let k = 23999 + -23936. Calculate the greatest common divisor of 18 and k.
9
Let w = 759 + -354. Calculate the highest common divisor of w and 6210.
135
Let h = 15 - 3. Let y = 371 - 366. Let j(v) = -v**3 + 8*v**2 - 3*v - 12. Let r be j(y). Calculate the highest common factor of r and h.
12
Let a = 610 + -556. Suppose 130*g + a = 136*g. What is the highest common divisor of 1557 and g?
9
Let q(y) = y**3 + 3*y**2 + 2*y - 12. Let a be q(4). Let t(k) = k**3 + 3*k + 9. Let r be t(6). What is the greatest common factor of a and r?
27
Let o(r) = -r**2 + 156*r + 328. Let x be o(-2). Suppose -4*d + 4 + 16 = 0. Let y(p) = 18*p - 6. Let v be y(d). Calculate the greatest common factor of x and v.
12
Let j = 12 - 10. Suppose -j*o - 3 = -h, -2*o - 5*h - 7 = -o. Let n be -1 - o - (-7 + -7). Calculate the highest common divisor of 25 and n.
5
Let k = 6 - -8. Let g(z) = -7*z + 86. Let l be g(10). Suppose 0 = 3*i - l*i + 273. What is the highest common factor of i and k?
7
Suppose b = -i + 14 - 4, -i + 5*b = 14. Let r(y) = 10*y**2 - 2*y + 33. Let d be r(0). Calculate the greatest common factor of i and d.
3
Suppose -1800 + 99 = -21*x. What is the highest common divisor of 4779 and x?
81
Let w = -20 + 22. Suppose 11*s + w*s = -208. Let y be ((-70)/56)/(-1 + (-15)/s). Calculate the greatest common factor of y and 220.
20
Let o be 8/(-2*((-1)/(-2) - 1)). Let d(w) = w**2 - 5*w - 22. Let a be d(o). Suppose 4 = 2*p, a*t + 5*p = t + 82. What is the highest common factor of t and 108?
36
Let y be (-2)/14 + (-50)/(-7). Suppose -8*m + 238 = -m. Let j = 41 - m. Calculate the highest common factor of j and y.
7
Let p = -1366 + 5266. What is the greatest common factor of p and 20?
20
Let b = -10126 + 10753. Calculate the highest common divisor of b and 6.
3
Let a = -174 - -232. Suppose 37 = -i + 4*n, 0 = -n + 1 - 2. Let p = a - i. Calculate the highest common divisor of p and 33.
33
Suppose -12*a - 6400 = -332*a. What is the highest common factor of 1285 and a?
5
Let o = -438 - -1153. Let m = o + -495. Suppose 3*a = -m + 241. Calculate the highest common divisor of a and 14.
7
Let p be 1/(9/29) + 2/(-9). Suppose -2*v - 2 = 0, -v + p = n - 2*v. Suppose -n*r = 35 - 233. What is the greatest common divisor of 9 and r?
9
Suppose -786 = 5*z - 4*o, 3*z - 3*o + 7*o = -478. Let m = -134 - z. Calculate the greatest common divisor of 264 and m.
24
Let d = -49 - -61. Let j be 58 + (-3)/d*-2*0. Calculate the highest common divisor of 464 and j.
58
Suppose -w = 45*a - 46*a + 97, -3*w + 285 = 3*a. What is the greatest common divisor of 1888 and a?
32
Suppose 0 = 2*y + 3*g - 9, -4*y + 49 - 16 = 3*g. Let a = -1 + 49. Suppose -2*b + 5 = -3*o + 35, -5*o + 4*b = -a. What is the greatest common factor of o and y?
12
Let a(g) = 343*g + 22. Let u be a(-6). Let y be (-81)/(-24) + -3 - u/32. Calculate the highest common factor of y and 160.
32
Let p(d) = 47*d - 8. Let k be p(2). Suppose -90*x + k*x = 48. Let b be (-1314)/(-108) - (-2)/x. What is the highest common divisor of b and 108?
12
Suppose 0 = 4*k + 16*k. Suppose 0*m - 8*m + 232 = k. What is the highest common factor of m and 29?
29
Suppose 2496 = -19*b + 6*b. Let h